{"id":409,"date":"2025-01-11T19:37:17","date_gmt":"2025-01-11T18:37:17","guid":{"rendered":"https:\/\/perso.imj-prg.fr\/loic-merel\/?page_id=409"},"modified":"2025-07-09T23:28:20","modified_gmt":"2025-07-09T21:28:20","slug":"ideal-deisenstein-et-motifs-dartin","status":"publish","type":"page","link":"https:\/\/perso.imj-prg.fr\/loic-merel\/ideal-deisenstein-et-motifs-dartin\/","title":{"rendered":"Id\u00e9al d&rsquo;Eisenstein et motifs d&rsquo;Artin"},"content":{"rendered":"\n<p>Ce groupe de travail a d\u00e9but\u00e9 en 2025 et a pour but d&rsquo;examiner les motifs d&rsquo;Artin \u00e0 l&rsquo;aide de la th\u00e9orie de l&rsquo;id\u00e9al d&rsquo;Eisenstein.<\/p>\n\n\n\n<p>Organisateur : E. Lecouturier, L. Merel<\/p>\n\n\n\n<p>Lieu : Campus des Grands Moulins, B\u00e2timent Sophie Germain, salle 633. Le lundi 16h-18h. \u00c0 partir de mars 2025, en ligne. \u00c0 partir du 27 mai, le mardi \u00e0 10h.<\/p>\n\n\n\n<p>6 janvier : L. Merel,<em> Introduction<\/em> (notes disponibles sur demande)<\/p>\n\n\n\n<p>13 janvier : E. Lecouturier, <em>Premiers exemples de calculs et conjectures<\/em> <\/p>\n\n\n\n<p>R\u00e9sum\u00e9 : Dans son premier expos\u00e9, Lo\u00efc Merel a d\u00e9crit un invariant $c_\u03c1$ provenant de la valeur critique (conjecturale) $L(\u03c1 \\otimes \\tilde \u03b5, s)$ en $s=1$, o\u00f9 $\\tilde{\u03b5}$ est la repr\u00e9sentation Galoisienne associ\u00e9e au module de Tate du quotient d&rsquo;Eisenstein de $J_0(N)$ et \u03c1 est une repr\u00e9sentation d&rsquo;Artin (sur <strong>Q<\/strong>). L&rsquo;objectif de cet expos\u00e9 est de consid\u00e9rer quelques exemples de choix de \u03c1 (e.g. de dimension 1, 2 ou adjointe d&rsquo;une forme de poids 1) et de voir ce que l&rsquo;on peut prouver ou conjecturer concernant $c_\u03c1$ dans ces cas. On essaiera aussi de discuter les obstacles et id\u00e9es pour formuler une conjecture plus g\u00e9n\u00e9rale.<\/p>\n\n\n\n<p>20 janvier : E. Lecouturier, <em>Premiers exemples de calculs et conjectures (partie 2)<\/em><\/p>\n\n\n\n<p>R\u00e9sum\u00e9 : Dans la premi\u00e8re partie, nous avons consid\u00e9r\u00e9s le cas o\u00f9 la repr\u00e9sentation d&rsquo;Artin \u03c1 est un caract\u00e8re de Dirichlet. Dans cette deuxi\u00e8me partie, nous consid\u00e9rons les cas o\u00f9 \u03c1 est induite d&rsquo;un caract\u00e8re des classes de rayons d&rsquo;un corps quadratique (r\u00e9el ou imaginaire). Nous rappellerons des formules sur les fonctions L dues \u00e0 Waldspurger (et Gross, Popa\u2026). En se basant sur ces exemples et sur des calculs num\u00e9riques de Pascal Molin (qui seront expliqu\u00e9s en d\u00e9tails dans un expos\u00e9 ult\u00e9rieur de Pascal), nous discuterons ensuite de potentielles conjectures dans les cas $d^-=0$ ou $d^+=0$.<\/p>\n\n\n\n<p>27 janvier : P. Molin, <em>Evaluation num\u00e9rique de fonctions<\/em> L<\/p>\n\n\n\n<p>R\u00e9sum\u00e9 : Emmanuel a mentionn\u00e9 l&rsquo;int\u00e9r\u00eat \u00e0 obtenir une valeur num\u00e9rique de L(F,\u03c1,1) pour tester ses conjectures. Je parlerai du probl\u00e8me de calcul num\u00e9rique de fonctions L en g\u00e9n\u00e9ral et de la technique de prolongement par \u00e9quation fonctionnelle et inversion de Fourier qui s&rsquo;applique tr\u00e8s bien dans le cadre qui nous int\u00e9resse, et qui donne de solides garanties de validit\u00e9 num\u00e9rique y compris pour des fonctions L dont l&rsquo;existence reste conjecturale.<\/p>\n\n\n\n<p>Je d\u00e9crirai \u00e9galement les \u00ab\u00a0domaines de valeurs\u00a0\u00bb (degr\u00e9, conducteur, pr\u00e9cision) accessibles en pratique sur ordinateur, et les quelques probl\u00e8mes rencontr\u00e9s&nbsp;pour effectuer les calculs dans le cadre d&rsquo;une courbe modulaire tordue par un caract\u00e8re de Hecke \u00e9voqu\u00e9&nbsp;par Emmanuel.<\/p>\n\n\n\n<p>03 f\u00e9vrier : A. Maksoud, <em>Conjectures de Stark p-adiques et th\u00e9orie d&rsquo;Iwasawa<\/em><\/p>\n\n\n\n<p>R\u00e9sum\u00e9 : Motiv\u00e9 par l&rsquo;\u00e9tude de l&rsquo;arithm\u00e9tique des formes de poids 1, j&rsquo;introduirai dans cet expos\u00e9 un analogue p-adique de la conjecture de Stark. Tout comme la conjecture de Stark constitue un cas particulier \u00a0\u00bbexplicite\u00a0\u00bb&nbsp;de la conjecture de Beilinson, son analogue p-adique s&rsquo;interpr\u00e8te comme un raffinement des conjectures de Beilinson p-adiques formul\u00e9es par Perrin-Riou et Benois. La preuve compl\u00e8te de cette conjecture reste hors de&nbsp;port\u00e9e, sa formulation supposant implicitement la conjecture de Stark. N\u00e9anmoins, la d\u00e9finition des r\u00e9gulateurs p-adiques et les L-invariants qui interviennent dans cette conjecture ressemble fortement \u00e0 celle de quantit\u00e9s&nbsp;mod p introduites dans les expos\u00e9s pr\u00e9c\u00e9dents. On peut donc esp\u00e9rer que la conjecture de Stark p-adique offrira un \u00e9clairage nouveau sur les conjectures r\u00e9cemment formul\u00e9es dans le cadre de ce groupe de travail.&nbsp;<\/p>\n\n\n\n<p>10 f\u00e9vrier : O. Fouquet, <em>Le formalisme \u00e9quivariant et congruences entre valeurs sp\u00e9ciales<\/em><\/p>\n\n\n\n<p>R\u00e9sum\u00e9 : Les conjectures \u00e9quivariantes sont une reformulation et g\u00e9n\u00e9ralisation due \u00e0 Kato des conjectures de Bloch-Kato sur les valeurs sp\u00e9ciales des fonctions L prenant en compte une action suppl\u00e9mentaire d&rsquo;une alg\u00e8bre de coefficients. Un avantage de ce formalisme est qu&rsquo;il est compatible avec la r\u00e9duction modulo un id\u00e9al de l&rsquo;alg\u00e8bre des coefficients. Dans cet expos\u00e9, je pr\u00e9senterai ce formalisme, montrerai le lien avec la conjecture de Birch et Swinnerton-Dyer et comment elle la g\u00e9n\u00e9ralise et terminerai par une utilisation de la compatibilit\u00e9 par congruence pour construire des \u00e9l\u00e9ments z\u00eatas pour les formes modulaires de poids 1.<br><br>17 f\u00e9vrier : L. Merel, &nbsp;<em>La conjecture de Harris\u2013Venkatesh et la th\u00e9orie de Borisov\u2013Gunnells<\/em><\/p>\n\n\n\n<p>R\u00e9sum\u00e9 : Les conjectures que nous avons esquiss\u00e9es jusqu&rsquo;\u00e0 pr\u00e9sent sont n\u00e9es de la conjecture de Harris\u2013Venkatesh (objet d&rsquo;un groupe de travail en 2023). Nous rappellerons ce qu&rsquo;est cette conjecture en termes \u00e9l\u00e9mentaires. Elle concerne la repr\u00e9sentation d&rsquo;Artin associ\u00e9e \u00e0 l&rsquo;adjointe d&rsquo;une repr\u00e9sentation galoisienne associ\u00e9e \u00e0 une forme de poids 1. Nous donnerons un point de vue sur les invariants d\u00e9finis par Harris et Venkatesh en terme de la th\u00e9orie de Borisov\u2013Gunnells (qui permet d&rsquo;\u00e9crire une forme modulaire de poids 2 comme comme combinaison quadratique de s\u00e9ries d&rsquo;Eisenstein de poids 1), laquelle semble d\u00e9couler de la m\u00e9thode de Rankin-Selberg.&nbsp;Nous ferons le point sur les &nbsp;progr\u00e8s depuis 2023. Nous essaierons de donner quelques perspectives et de formuler quelques questions.<\/p>\n\n\n\n<p>24 mars : S. Deo, <em>Harris-Venkatesh Conjecture and R=T theorems<\/em> I<\/p>\n\n\n\n<p>Abstract: In this series of talks, we will begin with recalling the definitions of algebraic and analytic invariants arising from the conjecture of Harris and Venkatesh. We will then focus on the implication &lsquo;if algebraic invariant vanishes then analytic invariant vanishes&rsquo;. We will sketch a proof of this implication using R=T theorems of Calegari-Geraghty and Calegari. While sketching this proof, we hope to highlight the connection between Harris-Venkatesh conjecture and deformation theory of Galois representations. A brief self contained summary of the relevant deformation theory will also be included in the talks.<\/p>\n\n\n\n<p>31 mars : S. Deo, <em>Harris-Venkatesh Conjecture and R=T theorems<\/em> II<\/p>\n\n\n\n<p>7 avril : R. Zhang, <em>From mod p to p-adic Shimura classes and derived Hecke operators<\/em><\/p>\n\n\n\n<p>Abstract: &nbsp;I will recall the construction of&nbsp;Shimura classes arising from the cover of X_1(p) over X_0(p) following Harris and Venkatesh. Then, I will report on in-progress work towards describing p-adic Shimura classes, defining derived Hecke operators on completed cohomology, and formulating a conjecture relating their eigenvalues to p-adic regulators of Stark units.<\/p>\n\n\n\n<p>5 mai : \u00c9. Studnia, <em>Descente d&rsquo;Eisenstein sur les corps de nombres, d&rsquo;apr\u00e8s Mazur<\/em><\/p>\n\n\n\n<p>R\u00e9sum\u00e9 : Nous expliquons la preuve par Mazur de la finitude du groupe de Mordell-Weil du quotient d&rsquo;Eisenstein de J_0(N), o\u00f9 N est un nombre premier tel que X_0(N) ne soit pas de genre 0. Nous verrons que cette preuve peut \u00eatre ais\u00e9ment adapt\u00e9e pour borner le rang du groupe de Mordell-Weil de ce quotient d&rsquo;Eisenstein sur des corps de nombres. On peut \u00e9galement obtenir des bornes analogues pour des tordues de ce quotient d&rsquo;Eisenstein par des repr\u00e9sentations d&rsquo;Artin.<\/p>\n\n\n\n<p>12 mai : B. Flanagan, <em>Formule d&rsquo;Ichino sur les valeurs centrales de fonctions L de produits triples<\/em><\/p>\n\n\n\n<p>R\u00e9sum\u00e9 : Dans cet expos\u00e9, nous commencerons pas pr\u00e9senter rapidement les propri\u00e9t\u00e9s \u00e9l\u00e9mentaires de la fonction L d&rsquo;un produit de trois repr\u00e9sentations cuspidales automorphes de GL_2, ainsi que leur incarnations dans les formes modulaires. Etant donn\u00e9e une alg\u00e8bre de quaternions D, la correspondance de Jacquet-Langlands associe \u00e0 une repr\u00e9sentation cuspidale de GL_2 une repr\u00e9sentation cuspidale de D. Apr\u00e8s un bref rappel \u00e0 propos des alg\u00e8bres de quaternions, nous donnerons plusieurs formules reliant la valeur centrale de notre fonction L aux formes trilin\u00e9aires sur les trois repr\u00e9sentations associ\u00e9es \u00e0 nos repr\u00e9sentations initiales par Jacquet-Langlands, du point de vue automorphe et pour les formes modulaire. Nous expliquerons enfin en quoi la formule d&rsquo;Ichino unifie ces diff\u00e9rents formules \u00e0 priori concurrentes.<\/p>\n\n\n\n<p>19 mai : B. Flanagan, <em>Formule d&rsquo;Ichino sur les valeurs centrales de fonctions L de produits triples<\/em> II<\/p>\n\n\n\n<p>27 mai : F. Lemma, <em>Repr\u00e9sentations d&rsquo;Artin modulaires pour GSp(4), un exemple<\/em><\/p>\n\n\n\n<p>R\u00e9sum\u00e9 : Apr\u00e8s un bref rappel sur le principe de fonctorialit\u00e9 de Langlands, je pr\u00e9senterai la construction de repr\u00e9sentations d&rsquo;Artin \u00e0 valeurs dans le groupe symplectique GSp(4) associ\u00e9es \u00e0 certaines repr\u00e9sentations automorphes de GSp(4), suivant un travail de Kim et Yamauchi. En fait, les repr\u00e9sentations automorphes en question correspondent \u00e0 des formes modulaires de Siegel analytiques r\u00e9elles, notion qui sera d\u00e9finie dans la derni\u00e8re partie de l&rsquo;expos\u00e9.<\/p>\n\n\n\n<p>3 juin : E. Lecouturier,  <em>Deux autres approches aux motifs d&rsquo;Artin en l&rsquo;id\u00e9al d&rsquo;Eisenstein<\/em><\/p>\n\n\n\n<p>R\u00e9sum\u00e9 : Le but de cet expos\u00e9 est de discuter de deux autres points de vue concernant le tordu d&rsquo;un motif d&rsquo;Artin par le quotient d&rsquo;Eisenstein.<\/p>\n\n\n\n<ol start=\"1\" class=\"wp-block-list\">\n<li>On a discut\u00e9 pr\u00e9c\u00e9demment du probl\u00e8me d&rsquo;obtenir une formule conjecturale pour le \u00ab\u00a0terme principal en l&rsquo;id\u00e9al d&rsquo;Eisenstein\u00a0\u00bb de la valeur L en s=1 du motif tordu Artin-Eisenstein. Il est possible de r\u00e9pondre \u00e0 cette question en termes de K-th\u00e9orie cyclotomique dans le cas des caract\u00e8res de Dirichlet pairs. Cela repose sur une conjecture de Sharifi que nous rappellerons.&nbsp;<\/li>\n\n\n\n<li>On peut, dans certain cas, th\u00e9oriquement exprimer canoniquement la valeur L tordue pr\u00e9c\u00e9dente \u00e0 l&rsquo;aide du module supersingulier. Nous expliciterons ceci dans le cas d&rsquo;une forme de poids 1 CM et auto-duale.<\/li>\n<\/ol>\n\n\n\n<p>11 juin : S\u00e9ance de probl\u00e8mes (fin du groupe de travail)<\/p>\n","protected":false},"excerpt":{"rendered":"<p>Ce groupe de travail a d\u00e9but\u00e9 en 2025 et a pour but d&rsquo;examiner les motifs d&rsquo;Artin \u00e0 l&rsquo;aide de la th\u00e9orie de l&rsquo;id\u00e9al d&rsquo;Eisenstein. Organisateur : E. Lecouturier, L. Merel Lieu : Campus des Grands Moulins, B\u00e2timent Sophie Germain, salle 633. Le lundi 16h-18h. \u00c0 partir de mars 2025, en ligne. \u00c0 partir du 27 [&hellip;]<\/p>\n","protected":false},"author":17,"featured_media":0,"parent":0,"menu_order":0,"comment_status":"closed","ping_status":"closed","template":"","meta":{"site-sidebar-layout":"default","site-content-layout":"","ast-site-content-layout":"default","site-content-style":"default","site-sidebar-style":"default","ast-global-header-display":"","ast-banner-title-visibility":"","ast-main-header-display":"","ast-hfb-above-header-display":"","ast-hfb-below-header-display":"","ast-hfb-mobile-header-display":"","site-post-title":"","ast-breadcrumbs-content":"","ast-featured-img":"","footer-sml-layout":"","ast-disable-related-posts":"","theme-transparent-header-meta":"","adv-header-id-meta":"","stick-header-meta":"","header-above-stick-meta":"","header-main-stick-meta":"","header-below-stick-meta":"","astra-migrate-meta-layouts":"set","ast-page-background-enabled":"default","ast-page-background-meta":{"desktop":{"background-color":"var(--ast-global-color-4)","background-image":"","background-repeat":"repeat","background-position":"center center","background-size":"auto","background-attachment":"scroll","background-type":"","background-media":"","overlay-type":"","overlay-color":"","overlay-opacity":"","overlay-gradient":""},"tablet":{"background-color":"","background-image":"","background-repeat":"repeat","background-position":"center center","background-size":"auto","background-attachment":"scroll","background-type":"","background-media":"","overlay-type":"","overlay-color":"","overlay-opacity":"","overlay-gradient":""},"mobile":{"background-color":"","background-image":"","background-repeat":"repeat","background-position":"center center","background-size":"auto","background-attachment":"scroll","background-type":"","background-media":"","overlay-type":"","overlay-color":"","overlay-opacity":"","overlay-gradient":""}},"ast-content-background-meta":{"desktop":{"background-color":"var(--ast-global-color-5)","background-image":"","background-repeat":"repeat","background-position":"center center","background-size":"auto","background-attachment":"scroll","background-type":"","background-media":"","overlay-type":"","overlay-color":"","overlay-opacity":"","overlay-gradient":""},"tablet":{"background-color":"var(--ast-global-color-5)","background-image":"","background-repeat":"repeat","background-position":"center center","background-size":"auto","background-attachment":"scroll","background-type":"","background-media":"","overlay-type":"","overlay-color":"","overlay-opacity":"","overlay-gradient":""},"mobile":{"background-color":"var(--ast-global-color-5)","background-image":"","background-repeat":"repeat","background-position":"center center","background-size":"auto","background-attachment":"scroll","background-type":"","background-media":"","overlay-type":"","overlay-color":"","overlay-opacity":"","overlay-gradient":""}},"footnotes":""},"class_list":["post-409","page","type-page","status-publish","hentry"],"_links":{"self":[{"href":"https:\/\/perso.imj-prg.fr\/loic-merel\/wp-json\/wp\/v2\/pages\/409","targetHints":{"allow":["GET"]}}],"collection":[{"href":"https:\/\/perso.imj-prg.fr\/loic-merel\/wp-json\/wp\/v2\/pages"}],"about":[{"href":"https:\/\/perso.imj-prg.fr\/loic-merel\/wp-json\/wp\/v2\/types\/page"}],"author":[{"embeddable":true,"href":"https:\/\/perso.imj-prg.fr\/loic-merel\/wp-json\/wp\/v2\/users\/17"}],"replies":[{"embeddable":true,"href":"https:\/\/perso.imj-prg.fr\/loic-merel\/wp-json\/wp\/v2\/comments?post=409"}],"version-history":[{"count":23,"href":"https:\/\/perso.imj-prg.fr\/loic-merel\/wp-json\/wp\/v2\/pages\/409\/revisions"}],"predecessor-version":[{"id":499,"href":"https:\/\/perso.imj-prg.fr\/loic-merel\/wp-json\/wp\/v2\/pages\/409\/revisions\/499"}],"wp:attachment":[{"href":"https:\/\/perso.imj-prg.fr\/loic-merel\/wp-json\/wp\/v2\/media?parent=409"}],"curies":[{"name":"wp","href":"https:\/\/api.w.org\/{rel}","templated":true}]}}