{"id":26,"date":"2025-04-30T17:02:27","date_gmt":"2025-04-30T15:02:27","guid":{"rendered":"https:\/\/perso.imj-prg.fr\/emmanuel-ferrand\/?page_id=26"},"modified":"2025-05-29T11:15:38","modified_gmt":"2025-05-29T09:15:38","slug":"recherche","status":"publish","type":"page","link":"https:\/\/perso.imj-prg.fr\/emmanuel-ferrand\/recherche\/","title":{"rendered":"Recherche."},"content":{"rendered":"\n<p>G\u00e9om\u00e9trie, topologie (diff\u00e9rentielle, symplectique, contact). Questions syst\u00e9miques et interdisciplinaires. <\/p>\n\n\n\n<ul class=\"wp-block-list\">\n<li><a href=\"https:\/\/symplectix.blogspot.com\/\">S\u00e9minaire Symplectix. <\/a><\/li>\n\n\n\n<li><a href=\"https:\/\/cvsi.hypotheses.org\/\">Groupe de recherche CVSI.<\/a><\/li>\n\n\n\n<li><a href=\"https:\/\/archipel.inria.fr\/fr\/groupes-de-travail\/groupe-de-travail-contre-modelisations\/\">Contre-mod\u00e9lisation.<\/a><\/li>\n<\/ul>\n\n\n\n<p><a href=\"https:\/\/dropsu.sorbonne-universite.fr\/s\/G8pDizstyZKMx45\">Publications.<\/a> <\/p>\n\n\n\n<p><br>Je me permets de signaler ce s\u00e9minaire \u00e0 l&rsquo;Institut Mines Telecom <strong>le vendredi 13 juin.<\/strong> Une bonne occasion de venir visiter le plateau de Saclay !<br><br><a href=\"https:\/\/cvsi.hypotheses.org\/880\">https:\/\/cvsi.hypotheses.org\/880<\/a><br><br>Le th\u00e8me du s\u00e9minaire et de ce groupe de travail est la est la prise en compte de l&rsquo;incertitude et de l&rsquo;impr\u00e9visible dans les mod\u00e9lisations, prospectives, sc\u00e9narios.<br><br>La s\u00e9ance sur vendredi 13 est centr\u00e9e sur le cas des r\u00e9seaux \u00e9lectriques : <strong>Mod\u00e9lisation des syst\u00e8mes \u00e9nerg\u00e9tiques : m\u00e9thodes, objectifs, impacts.<\/strong><br><br><strong>Vendredi 13 juin 2025, 16h. T\u00e9l\u00e9com Paris, 19, place Marguerite Perey, Palaiseau, salle 4D19.<br><\/strong><br>Intervenant : <strong>Joan Delort Ylla<\/strong>, ing\u00e9nieur de recherche de l\u2019\u00c9cole Polytechnique au sein du Laboratoire de M\u00e9t\u00e9orologie Dynamique (LMD) et responsable du modeling lab du centre E4C. En septembre 2024, au sein de l\u2019ED IP Paris, il a soutenu sa th\u00e8se sur l\u2019impact des politiques d\u2019\u00e9lectrification du chauffage des b\u00e2timents coupl\u00e9s au changement climatique potentiel sur l\u2019investissement en capacit\u00e9s renouvelables dans le syst\u00e8me \u00e9lectrique fran\u00e7ais. Il travaille \u00e0 l\u2019interface \u00e9conomie et sciences du climat.<br><br>L\u2019expos\u00e9 traitera d\u2019une r\u00e9flexion sur la pratique de mod\u00e9lisation des \u201csyst\u00e8mes \u00e9nerg\u00e9tiques\u201d par la communaut\u00e9 scientifique, telle que per\u00e7ue par un \u201cprimo-arrivant\u201d. Il sera notamment discut\u00e9 des m\u00e9thodes employ\u00e9es aujourd\u2019hui en regard des premi\u00e8res approches en la mati\u00e8re, puis s\u2019ensuivra une r\u00e9flexion sur ce que ces pratiques refl\u00e8tent des objectifs affich\u00e9s de la communaut\u00e9. Enfin, seront abord\u00e9s les impacts que ces questionnements scientifiques ont pu avoir sur la prise de d\u00e9cision autour des syst\u00e8mes \u00e9nerg\u00e9tiques.<\/p>\n\n\n\n<p><\/p>\n\n\n\n<p>%%%%%%%%%%%%%%%%%%%%%%%%%%%%%%%%%%%%%%%%%%%%%%%%%%%%%%<\/p>\n\n\n\n<p><strong>Mardi 25 juin<\/strong>, communication \u00e0 la conf\u00e9rence CSS Conference on Complex Systems, avec Ada Diaconescu et Marc Delepouve.   <a href=\"https:\/\/conferences.css-fr.org\/?page_id=616\">https:\/\/conferences.css-fr.org\/?page_id=616<\/a><\/p>\n\n\n\n<p><\/p>\n\n\n\n<figure class=\"wp-block-embed is-type-wp-embed is-provider-french-local-chapter-of-the-complex-systems-society-css-fr wp-block-embed-french-local-chapter-of-the-complex-systems-society-css-fr\"><div class=\"wp-block-embed__wrapper\">\n<blockquote class=\"wp-embedded-content\" data-secret=\"NuBqQXgs3o\"><a href=\"https:\/\/conferences.css-fr.org\/?page_id=616\">Parallel Session 3<\/a><\/blockquote><iframe loading=\"lazy\" class=\"wp-embedded-content\" sandbox=\"allow-scripts\" security=\"restricted\" style=\"position: absolute; visibility: hidden;\" title=\"&#8220;Parallel Session 3&#8221; &#8212; French Local Chapter of the Complex Systems Society - CSS\/FR\" src=\"https:\/\/conferences.css-fr.org\/?page_id=616&#038;embed=true#?secret=uF75mE78ym#?secret=NuBqQXgs3o\" data-secret=\"NuBqQXgs3o\" width=\"500\" height=\"282\" frameborder=\"0\" marginwidth=\"0\" marginheight=\"0\" scrolling=\"no\"><\/iframe>\n<\/div><\/figure>\n\n\n\n<p><\/p>\n","protected":false},"excerpt":{"rendered":"<p>G\u00e9om\u00e9trie, topologie (diff\u00e9rentielle, symplectique, contact). Questions syst\u00e9miques et interdisciplinaires. Publications. Je me permets de signaler ce s\u00e9minaire \u00e0 l&rsquo;Institut Mines Telecom le vendredi 13 juin. Une bonne occasion de venir visiter le plateau de Saclay ! https:\/\/cvsi.hypotheses.org\/880 Le th\u00e8me du s\u00e9minaire et de ce groupe de travail est la est la prise en compte de [&hellip;]<\/p>\n","protected":false},"author":131,"featured_media":0,"parent":0,"menu_order":0,"comment_status":"closed","ping_status":"closed","template":"","meta":{"footnotes":""},"class_list":["post-26","page","type-page","status-publish","hentry"],"_links":{"self":[{"href":"https:\/\/perso.imj-prg.fr\/emmanuel-ferrand\/wp-json\/wp\/v2\/pages\/26","targetHints":{"allow":["GET"]}}],"collection":[{"href":"https:\/\/perso.imj-prg.fr\/emmanuel-ferrand\/wp-json\/wp\/v2\/pages"}],"about":[{"href":"https:\/\/perso.imj-prg.fr\/emmanuel-ferrand\/wp-json\/wp\/v2\/types\/page"}],"author":[{"embeddable":true,"href":"https:\/\/perso.imj-prg.fr\/emmanuel-ferrand\/wp-json\/wp\/v2\/users\/131"}],"replies":[{"embeddable":true,"href":"https:\/\/perso.imj-prg.fr\/emmanuel-ferrand\/wp-json\/wp\/v2\/comments?post=26"}],"version-history":[{"count":9,"href":"https:\/\/perso.imj-prg.fr\/emmanuel-ferrand\/wp-json\/wp\/v2\/pages\/26\/revisions"}],"predecessor-version":[{"id":80,"href":"https:\/\/perso.imj-prg.fr\/emmanuel-ferrand\/wp-json\/wp\/v2\/pages\/26\/revisions\/80"}],"wp:attachment":[{"href":"https:\/\/perso.imj-prg.fr\/emmanuel-ferrand\/wp-json\/wp\/v2\/media?parent=26"}],"curies":[{"name":"wp","href":"https:\/\/api.w.org\/{rel}","templated":true}]}}