{"id":299,"date":"2023-08-12T19:07:11","date_gmt":"2023-08-12T17:07:11","guid":{"rendered":"https:\/\/perso.imj-prg.fr\/annemarie-aubert\/?page_id=299"},"modified":"2025-12-08T17:21:07","modified_gmt":"2025-12-08T16:21:07","slug":"liste-de-publications-complete","status":"publish","type":"page","link":"https:\/\/perso.imj-prg.fr\/annemarie-aubert\/liste-de-publications-complete\/","title":{"rendered":"Liste de publications compl\u00e8te"},"content":{"rendered":"\n<p><\/p>\n\n\n\n<p><\/p>\n\n\n\n<p>[66] <a href=\"https:\/\/link.springer.com\/book\/9783032156709\">Spherical Functions on a Group of p-adic type<\/a>, avec Ian G. Macdonald, Lecture Notes in Mathematics, History of Mathematics Subseries, volume 2392, 2026. <\/p>\n\n\n\n<p>[65] <a href=\"https:\/\/msp.org\/pjm\/2025\/339-1\/pjm-v339-n1-p02-p.pdf\">On Kazhdan-Yom Din asymptotic<\/a> <a href=\"https:\/\/msp.org\/pjm\/2025\/339-1\/pjm-v339-n1-p02-p.pdf\">Schur orthogonality for K-finite matrix coefficients <\/a>, avec Alfio Fabio La Rosa, Pacific Journal of Mathematics, Volume 339 No. 1, 2025. <\/p>\n\n\n\n<p>[64] <a href=\"https:\/\/academic.oup.com\/qjmath\/advance-article-abstract\/doi\/10.1093\/qmath\/haaf023\/8219113\">On the Macdonald correspondence<\/a>, <a href=\"https:\/\/academic.oup.com\/qjmath\">Quarterly Journal of Mathematics<\/a>, Macdonald memorial volume, July 2025.<\/p>\n\n\n\n<p>[63]  A.-M. Aubert et Sandeep Varma,&nbsp;<a href=\"https:\/\/arxiv.org\/abs\/2401.08306\">On congruent isomorphisms for tori<\/a>, &nbsp;<a href=\"https:\/\/www.ams.org\/publications\/journals\/journalsframework\/tran\">Trans. Amer. Math. Soc.&nbsp;<\/a>, Volume 378, Number 7, July 2025, Pages 5221\u20135257.[<\/p>\n\n\n\n<p>[62] <a href=\"https:\/\/arxiv.org\/pdf\/2410.20183\">Endoscopic character identities for depth-zero supercuspidal representations of SL2<\/a>, avec Roger Plymen, arXiv:2410.20183.<\/p>\n\n\n\n<p>[60] A.-M. Aubert, B. Romano et D. Ciubotaru, A nonabelian Fourier transform for tempered unipotent representations, Compositio Mathematica Volume 161 (2025), 13\u201373.<\/p>\n\n\n\n<p>[59] A.-M. Aubert, Representation Theory of p-Adic Reductive Groups, expository chapter in the book&nbsp;<a href=\"https:\/\/www.cambridge.org\/core\/books\/ktheory-and-representation-theory\/A4E90E08F2A71BC3BEFE6B44A90C7AFF\">\u00ab&nbsp;K-Theory and Representation Theory&nbsp;\u00bb<\/a>, eds. Haluk Sengun and Roger Plymen, Cambridge University Press, LMS Textbook Series, 2024.<\/p>\n\n\n\n<p>[58] A.-M. Aubert et Y. Xu, Hecke algebras for p-adic reductive groups and local Langlands correspondence for Bernstein blocks, Advances in Mathematics, vol. 436, 2024.<\/p>\n\n\n\n<p>[57] A.-M. Aubert, Correspondences between affine Hecke algebras and applications, Pr\u00e9publication 2023, arXiv :2311.03203, Soumis \u00e0 publication.                                                                                                                                    <\/p>\n\n\n\n<p>[56] A.-M. Aubert, Bruhat-Tits buildings, representations of p-adic groups and Langlands correspondence, J. Algebra 656 (2024), 47\u201376 (Volume d\u00e9di\u00e9 \u00e0 Jacques Tits).<\/p>\n\n\n\n<p>[55] A.-M. Aubert, A. Moussaoui et M. Solleveld, Affine Hecke algebras for classical p-adic groups, Pr\u00e9publication 2022, arXiv :2211.08196, Soumis \u00e0 publication.<\/p>\n\n\n\n<p>[54] A.-M. Aubert et Y. Xu, The explicit local Langlands correspondence for G2, Pr\u00e9publication 2022, arXiv :2208.12391, Soumis \u00e0 publication.<\/p>\n\n\n\n<p>[53] A.-M. Aubert, R. Plymen Comparison of the depths on both sides of the local Langlands correspondence for Weil-restricted groups (with appendix by Jessica Fintzen), Journal of Number Theory, 233C (2022), 24\u201358.<\/p>\n\n\n\n<p>[52] A.-M. Aubert, Antonio Behn, Jorge Soto-Andrade, Groupoids, Geometric Induction and Gelfand Models, 2020, arXiv :2012.15384.<\/p>\n\n\n\n<p>[51] A.-M. Aubert et A. Afgoustidis, C*-blocks and crossed products for classical p-adic groups, IMRN, 2021.<\/p>\n\n\n\n<p>[50] A.-M. Aubert et A. Afgoustidis, Continuity of the Mackey-Higson bijection, Pacific J. Math. 310 (2021), no. 2, 257\u2013273. .<\/p>\n\n\n\n<p>[49] A.-M. Aubert, Antonio Behn, Jorge Soto-Andrade, Groupoids, Geometric Induction and Gelfand Models, 2020, arXiv :2012.15384.<\/p>\n\n\n\n<p>[48] A.-M. Aubert Some aspects of the geometric structure of the smooth dual of p-adic groups, in Quantum Dynamics, Banach Center Publications, Vol. 120, Polish Acamey of Sciences Warszawa 2020.<\/p>\n\n\n\n<p>[47] A.-M. Aubert, Paul Baum, Roger Plymen, Maarten Solleveld, Morita equivalences for k-algebras, in Quantum Dynamics, Banach Center Publications, Vol. 120, Polish Aca- mey of Sciences Warszawa 2020.<\/p>\n\n\n\n<p>[46] A.-M. Aubert, P. Baum, R. Plymen, et M. Solleveld, Smooth duals of inner forms of GLn and SLn, Doc. Math. 24 (2019), 373\u2013420.<\/p>\n\n\n\n<p>[45] A.-M. Aubert, R. Plymen, et M. Solleveld, Contribution to Celebratio Mathematica : Paul Baum, https :\/\/celebratio.org\/Baum\u2212P\/article\/714\/<\/p>\n\n\n\n<p>[44] A.-M. Aubert, Local Langlands and Springer correspondences in Representations of reductive p-adic groups, 1\u201337, Progr. Math. 328, Birkha \u0308user\/Springer, Singapore, 2019.<\/p>\n\n\n\n<p>[43] A.-M. Aubert, A. Moussaoui et M. Solleveld, Graded Hecke algebras for disconnected reductive groups, pp. 23\u201384 in : Geometric aspects of the trace formula, W. Mu \u0308ller, S. W. Shin, N. Templier (eds.) Simons Symposia, Springer, 2018.<\/p>\n\n\n\n<p>[42] A.-M. Aubert, A. Moussaoui et M. Solleveld, Generalizations of the Springer cor- respondence and cuspidal Langlands parameters, Manus. Math. 157 (2018), 121\u2013192.<\/p>\n\n\n\n<p>[41] A.-M. Aubert, Around the Langlands program, Jahresber. Dtsch. Math.-Ver. 120 (2018), no. 1, 3\u201340.<\/p>\n\n\n\n<p>[40] A.-M. Aubert, P. Baum, R. Plymen and M. Solleveld, Conjectures about p-adic groups and their noncommutative geometry, 15\u201351, Contemp. Math. 691, Amer. Math. Soc., Providence, RI, 2017.<\/p>\n\n\n\n<p>[39] A.-M. Aubert, P. Baum, R. Plymen and M. Solleveld, Hecke algebras for inner forms of p-adic special linear groups. J. Inst. Math. Jussieu 16 (2017), no. 2, 351\u2013419.<\/p>\n\n\n\n<p>[38] A.-M. Aubert, A. Moussaoui et M. Solleveld, Affine Hecke algebras for Langlands parameters, arXiv :1701.03593, submitted.<\/p>\n\n\n\n<p>[37] A.-M. Aubert, P. Baum, R. Plymen et M. Solleveld, Conjectures about p-adic groups and their noncommutative geometry, 15\u201321, in \u201cAround Langlands corresponden- ces\u201d, Contemp. Math., 691, Amer. Math. Soc., Providence, RI, 2017.<\/p>\n\n\n\n<p>[36] A.-M. Aubert, P. Baum, R. Plymen et M. Solleveld, Hecke algebras for inner forms of p-adic special linear groups, J. Inst. Math. Jussieu 16 (2017), pp. 351\u2013419, Cambridge University Press.<\/p>\n\n\n\n<p>[35] A.-M. Aubert, P. Baum, R. Plymen et M. Solleveld, The principal series of p-adic groups with disconnected centre, Proc. London Math. Soc. 114 (2017) pp. 798\u2013854.<\/p>\n\n\n\n<p>[34] A.-M. Aubert, S. Mendes, R. Plymen et M. Solleveld, L-packets and depth for SL2(K) with K a local function field of characteristic 2, Int. J. Number Theory 13 (2017), pp. 2545\u20132568.<\/p>\n\n\n\n<p>[33] A.-M. Aubert, P. Baum, R. Plymen et M. Solleveld, Geometric structure for Bernstein blocks, J. Noncommut. Geom. 10 (2016), no. 2, pp. 663\u2013680.<\/p>\n\n\n\n<p>[32] A.-M. Aubert, P. Baum, R. Plymen et M. Solleveld, Depth and the local Langlands correspondence, in Arbeitstagung Bonn 2013, In Memory of Friedrich Hirzebruch eds. W. Ballmann, C. Blohmann, G. Faltings, P. Teichner, et D. Zagier pp. 17\u201341, Progr. Math., 319, Birkh\u00e4user\/Springer, Cham, 2016.<\/p>\n\n\n\n<p>[31] A.-M. Aubert, P. Baum, R. Plymen et M. Solleveld, The local Langlands correspondence for inner forms of SLn, Res. Math. Sci. 3 (2016), Paper No. 32, 34 pp.<\/p>\n\n\n\n<p>[30] A.-M. Aubert, P. Baum, R. Plymen et M. Solleveld, On the local Langlands corres- pondence for non-tempered representations, Muenster J. Math 7 (Volume for the Iwasawa Conference for Peter Schneider\u2019s birthday) (2014), pp. 27\u201350.<\/p>\n\n\n\n<p>[29] A.-M. Aubert, P. Baum, R. Plymen et M. Solleveld, Geometric structure in the smooth dual and local Langlands. conjecture, Japanese J. Math. 9, 2014.<\/p>\n\n\n\n<p>[28] A.-M. Aubert, W. Kraskiewicz et T. Przebinda, Howe correspondence and Springer correspondence for dual pairs over a finite field, in \u201cLie algebras, Lie superalgebras, vertex algebras and related topics\u201d, pp 17\u201344, Proc. Sympos. Pure Math., 92, Amer. Math. Soc., Providence, RI, 2016.<\/p>\n\n\n\n<p>[27] A.-M. Aubert et T. Przebinda, A reverse engineering approach to the Weil representation, Central European J. Math. 12 (2014), pp. 1500\u20131585.<\/p>\n\n\n\n<p>[26] A.-M. Aubert, W. Kraskiewicz et T. Przebinda, Howe correspondence and Springer correspondence for real reductive pairs, manuscripta math. 143 (2014), pp. 81\u2013130.<\/p>\n\n\n\n<p>[25] P. Achar et A.-M. Aubert, Localisation de faisceaux caract\u00e8res, Advances in Mathematics 224, Issue 6 (2010), 2435-2471.<\/p>\n\n\n\n<p>[24] A.-M. Aubert, U. Onn, A. Prasad et A. Stasinski, On cuspidal representations of general linear groups over discrete valuation rings, Israel Journal of Mathematics 175 (2010), pp. 391\u2013420.<\/p>\n\n\n\n<p>[23] P. Achar et A.-M. Aubert, Springer correspondences for dihedral groups, Transfor- mation Groups, 13 (2008), 1\u201324.<\/p>\n\n\n\n<p>[22] P. Achar et A.-M. Aubert, Repr\u00e9sentations de Springer pour les groupes de r\u00e9flexions complexes imprimitifs, J. Algebra 319 (2008), no. 10, 4102\u20134139.<\/p>\n\n\n\n<p>[21] P. Achar et A.-M. Aubert, On rank-two complex reflection groups, Comm. in Alge- bra, 36 (2008), 2092\u20132132.<\/p>\n\n\n\n<p>[20] A.-M. Aubert, P. Baum, R. Plymen, Geometric structure in the representaton theory of p-adic groups, C.R. Acad. Sci. Paris, Ser. I 345 (2007) 573\u2013578.<\/p>\n\n\n\n<p>[19] P. Achar et A.-M. Aubert, Supports unipotents de faisceaux caract\u00e8res, J. of the Inst. of Math. Jussieu 6 (2007), 173\u2013207.<\/p>\n\n\n\n<p>[18] A.-M. Aubert, S. Hasan et R. Plymen, Cycles in the chamber homology of GL(3), K-Theory 37 (2006) 341\u2013377.<\/p>\n\n\n\n<p>[17] A.-M. Aubert, P. Baum, R. Plymen, The Hecke algebra of a reductive p-adic group : a geometric conjecture, In : Noncommutative geometry and number theory, Eds : C. Consani and M. Marcolli, Aspects of Mathematics E37, Vieweg Verlag (2006) 1\u201334.<\/p>\n\n\n\n<p>[16] A.-M. Aubert et R. Plymen, Plancherel measure for GL(n,F) and GL(m,D) : Explicit formulas and Bernstein decomposition, J. Number Theory 112 (2005) 26\u201366.<\/p>\n\n\n\n<p>[15] A.-M. Aubert et R. Plymen, Explicit Plancherel formula for the p-adic group GL(n), C.R. Acad. Sci. Paris, S \u0301er. I 338 (2004) pp. 843\u2013848.<\/p>\n\n\n\n<p>[14] A.-M. Aubert, Character sheaves and generalized Springer correspondence, Nagoya Math. J. 170 (2003), 47\u201372.<\/p>\n\n\n\n<p>[13] A.-M. Aubert et C. Cunningham, An introduction to sheaves on adic spaces for p- adic group representation theory, Functional Analysis VII Conference Dubrovnik, Croatia, D. Bakic, P. Pandzic, G. Peskir (eds.), Various Publication Series of the Aarhus University, No 46 (2003), pp. 11\u201351. Math \u0301ematiciens (Livres rec \u0327us), S.M.F. juillet 2005.<\/p>\n\n\n\n<p>[12] A.-M. Aubert, Un peu d\u2019histoire des groupes finis et quelques exemples simples, Groupes finis, Journ\u00e9es math\u00e9matiques X-UPS 2000. Les \u00e9ditions de l\u2019Ecole Polytechnique, Eds. Nicole Berline et Claude Sabbah, 2000.<\/p>\n\n\n\n<p>[11] A.-M. Aubert, Some properties of character sheaves, Pacific J. Math (Special Issue in the honor of Olga Taussky-Todd) 181 (1998) 37\u201351.<\/p>\n\n\n\n<p>[10] A.-M. Aubert, Formule des traces sur les corps finis, Proc. Conf. Finite Reductive Groups, Related Structures and Representations (Luminy 1994), Ed. Marc Cabanes, 141 15\u201349, Birkh\u00e4uuser, Progress in Math. Boston, Basel, Berlin, 1997.<\/p>\n\n\n\n<p>[9] A.-M. Aubert, Dualit\u00e9 dans le groupe de Grothendieck de la cat\u00e9gorie des repr\u00e9sentations lisses de longueur finie d\u2019un groupe r\u00e9ductif p-adique, Transactions of the Amer. Math. Soc 347 (1995), 2179\u20132189. Erratum : Transactions of the Amer. Math. Soc. 348 (1996), 4687\u20134690.<\/p>\n\n\n\n<p>[8] A.-M. Aubert, J. Michel et R. Rouquier, Correspondance de Howe pour les groupes r\u00e9ductifs sur les corps finis, Duke Math. Journal 83 (1996), 353\u2013397.<\/p>\n\n\n\n<p>[7] A.-M. Aubert, Foncteurs de Mackey et dualit\u00e9 de Curtis g\u00e9n\u00e9ralis\u00e9s, C.R. Acad. Sci. Paris, S \u0301er. I 315 (1992) 663\u2013668.<\/p>\n\n\n\n<p>[6] A.-M. Aubert, S\u00e9ries de Harish-Chandra de modules et correspondance de Howe modulaire, Journal of Algebra 165 (1994) no. 3, 576\u2013601.<\/p>\n\n\n\n<p>[5] A.-M. Aubert et R. Howe, G\u00e9om\u00e9trie des c\u00f4nes aigus et application \u00e0 la projection euclidienne sur la chambre de Weyl positive, Journal of Algebra 149 (1992), 472\u2013493.<\/p>\n\n\n\n<p>[4] A.-M. Aubert, Description de la correspondance de Howe en terme de classification de Kazhdan-Lusztig, Inventiones mathematicae 103 (1991), 379\u2013415.<\/p>\n\n\n\n<p>[3] A.-M. Aubert, Conservation de la ramification mod\u00e9r\u00e9e, Bull. Soc. Math. France 117 (1989), 297\u2013303.<\/p>\n\n\n\n<p>[2] A.-M. Aubert, Correspondance de Howe et sous-groupes parahoriques, Journal f\u00fcr die reine und angew. Mathematik 392 (1988) 176\u2013186.<\/p>\n\n\n\n<p>[1] A.-M. Aubert, Correspondance de Howe et sous-groupes parahoriques, C.R. Acad. Sci. Paris, S\u00e9r. I 307 (1988) 431\u2013434.<\/p>\n","protected":false},"excerpt":{"rendered":"<p>[66] Spherical Functions on a Group of p-adic type, avec Ian G. Macdonald, Lecture Notes in Mathematics, History of Mathematics Subseries, volume 2392, 2026. [65] On Kazhdan-Yom Din asymptotic Schur orthogonality for K-finite matrix coefficients , avec Alfio Fabio La Rosa, Pacific Journal of Mathematics, Volume 339 No. 1, 2025. [64] On the Macdonald correspondence, [&hellip;]<\/p>\n","protected":false},"author":27,"featured_media":0,"parent":0,"menu_order":0,"comment_status":"closed","ping_status":"closed","template":"","meta":{"footnotes":""},"class_list":["post-299","page","type-page","status-publish","hentry"],"_links":{"self":[{"href":"https:\/\/perso.imj-prg.fr\/annemarie-aubert\/wp-json\/wp\/v2\/pages\/299","targetHints":{"allow":["GET"]}}],"collection":[{"href":"https:\/\/perso.imj-prg.fr\/annemarie-aubert\/wp-json\/wp\/v2\/pages"}],"about":[{"href":"https:\/\/perso.imj-prg.fr\/annemarie-aubert\/wp-json\/wp\/v2\/types\/page"}],"author":[{"embeddable":true,"href":"https:\/\/perso.imj-prg.fr\/annemarie-aubert\/wp-json\/wp\/v2\/users\/27"}],"replies":[{"embeddable":true,"href":"https:\/\/perso.imj-prg.fr\/annemarie-aubert\/wp-json\/wp\/v2\/comments?post=299"}],"version-history":[{"count":22,"href":"https:\/\/perso.imj-prg.fr\/annemarie-aubert\/wp-json\/wp\/v2\/pages\/299\/revisions"}],"predecessor-version":[{"id":599,"href":"https:\/\/perso.imj-prg.fr\/annemarie-aubert\/wp-json\/wp\/v2\/pages\/299\/revisions\/599"}],"wp:attachment":[{"href":"https:\/\/perso.imj-prg.fr\/annemarie-aubert\/wp-json\/wp\/v2\/media?parent=299"}],"curies":[{"name":"wp","href":"https:\/\/api.w.org\/{rel}","templated":true}]}}